et a be z(-6). What is the greatest common divisor of a and 33?
11
Let a = 22 + -8. Suppose -5*w = k - 22, 2*w + a = -k + 6*w. Suppose -k*u - 3*u + 35 = 0. What is the greatest common factor of 35 and u?
7
Suppose -151*y + 96719 + 181121 = 0. What is the highest common divisor of y and 64?
16
Let r(y) = -11*y - 110. Let x be r(-25). Let t be 1*(44/3 - 8/(-24)). What is the greatest common factor of t and x?
15
Let j = 339 - 344. Let z be (j + -34)*(0/(-2) + -5). Calculate the greatest common divisor of 15 and z.
15
Suppose -2853 - 5247 - 4836 = -21*b. Calculate the highest common divisor of b and 440.
88
Suppose -532*u - 16 = -536*u. Suppose -3*s - 723 = -u*y - 185, 3*s = 6. Calculate the greatest common divisor of 8 and y.
8
Let a be (-62)/6*6/(-2). Let k(c) = -20*c**3 + 4*c + 3. Let p be k(3). Let l = 804 + p. Calculate the greatest common factor of l and a.
31
Let i = -4307 + 4308. Calculate the greatest common divisor of 32 and i.
1
Suppose -7*l + 7*l = 2*l. Let g(h) = 4*h**2 + h + 1. Let i be g(l). Calculate the greatest common divisor of i and 64.
1
Let t(f) = 7*f**2 + f + 1. Let y be t(-1). Let v(s) = 23*s - 6. Let u be v(y). Let o = 245 - u. Calculate the greatest common factor of 30 and o.
30
Suppose -3*y - x + 21 = -13, 2*y = 5*x. Suppose 0 = -4*f - 3*q + 47, y*q = f + 12*q - 18. Calculate the highest common factor of f and 128.
8
Suppose 0 = 3*n + 4*x - 25260, 262*n = 265*n - 4*x - 25284. What is the greatest common divisor of n and 78?
78
Let p = 12262 + -10606. Calculate the greatest common divisor of p and 216.
72
Suppose w - k - 3155 = 0, -5586 - 7027 = -4*w - 3*k. What is the highest common factor of w and 38?
38
Let x = 10747 - 10586. Calculate the highest common divisor of 4692 and x.
23
Let x(g) = 2*g - 10. Let h be x(5). Suppose 0 = -7*c + 27 + 309. Suppose h = -6*i + 54 + c. Calculate the highest common divisor of 51 and i.
17
Let a = 962 - 902. Let g(b) be the third derivative of b**4/2 - 2*b**2. Let u be g(1). What is the highest common factor of u and a?
12
Suppose 151*r + 23664 = 615*r. Let f be ((-272)/10)/((-1)/5). Calculate the highest common factor of r and f.
17
Let u(z) = -29*z + 9. Suppose -17*p = -16*p - 1. Let k(s) = -s - 2. Let j be k(p). Let m be u(j). What is the greatest common divisor of m and 12?
12
Let v = 19 - 3. Suppose 9*u + 45 = 12*u. Suppose -18 = -v*h + u*h. What is the greatest common factor of 18 and h?
18
Let v(g) = -43*g - 28. Let w be v(-5). Suppose 0 = 2*z + w + 11. Let a be (-2468)/(-22) + 18/z. What is the greatest common factor of a and 14?
14
Let r(n) = 14*n. Let j be r(1). Let d(p) = p**2 + 20*p + 82. Let m be (-60)/(1 - -1)*1/2. Let i be d(m). Calculate the highest common divisor of i and j.
7
Let q be (-1)/(-4) - ((-1260253)/580 + 1/10). What is the highest common divisor of 82 and q?
41
Let q be -59 - (5 + 60/(-6)). Let v be (27/q)/(2/(-580)). What is the highest common factor of v and 5?
5
Suppose -3 = -2*v - 3*x - 12, 0 = -v + x - 12. Let p be -2 + 236/9 - (-2)/v. What is the highest common factor of 24 and p?
24
Suppose -27*c + 1540 = 772 - 1095. Let i be 115/2*2*(7 + -4). What is the greatest common divisor of i and c?
69
Suppose -7 = -s - 3. Suppose 0 = -2*y + 107*y + 596 - 3956. Calculate the highest common factor of y and s.
4
Let u(f) = 5*f**2 - 19*f + 20. Suppose -3*x = -190 + 160. Let m be u(x). Calculate the highest common divisor of 12 and m.
6
Suppose 85 = 3*y - n, 7*n + 60 = 2*y + 3*n. Suppose -y*q + 33*q = 0. Suppose q = -x - 10*x + 176. What is the highest common divisor of x and 24?
8
Let z be 31439/8 + 51/408. Calculate the greatest common factor of z and 30.
30
Let h be (-4)/((1 - 0)/(-50)). Let g(j) = -24*j**3 + j**2 - 3*j - 3. Let o be g(-1). Calculate the greatest common divisor of o and h.
25
Let r = -26901 - -27265. Calculate the highest common divisor of 1274 and r.
182
Let k(y) = -88*y + 6068. Let i be k(68). Calculate the greatest common factor of i and 308.
28
Suppose i + 3*z = 198, 5*i + 3*z + 2*z = 1040. Let l = i + -208. Calculate the greatest common divisor of 15 and l.
5
Suppose -3*w - 1677 = -3*i, -313*w + 1153 = 2*i - 308*w. What is the greatest common factor of 4700 and i?
188
Suppose -16*m - 101248 = -5*m - 102920. Calculate the highest common divisor of 22648 and m.
152
Suppose 0 = -73*v + 82*v - 180. Suppose -3*q + 5 = -3*t - 16, -3*q - 59 = 5*t. Let g be (v + -14)/((-3)/t). What is the greatest common factor of g and 30?
10
Suppose 6 = 3*k + 2*q - 4, -q - 4 = -3*k. Suppose 0 = -2*m + m + k. Let w(p) = 6*p**2 + 5*p - 2. Let j be w(m). What is the highest common factor of j and 160?
32
Let c be 225*1*(5 - 4). Let t be (-54)/(-6) - -2 - (-22 - -15). What is the greatest common factor of t and c?
9
Suppose 0*q + 55 = 5*q. Suppose -q*o = -9*o - 78. Let a be 40/80 - 155/(-2). What is the highest common factor of o and a?
39
Let v be (-4)/(-14) + 20755/245. What is the greatest common divisor of v and 3434?
17
Suppose -146*a = -3459 - 6177. Calculate the highest common factor of 288 and a.
6
Let i(v) = 11*v + 3 + 11 + 11 - v**2 + 14. Let c be i(6). What is the highest common divisor of 184 and c?
23
Suppose -1814 + 422 = -29*c. What is the highest common factor of c and 15?
3
Let h(g) = -74*g**2 + 3*g - 27. Let p be h(6). Let a be p/(-264) + 2/(-16). Calculate the highest common divisor of a and 115.
5
Suppose w + 295 = 5*v + 313, 0 = -5*w + 5*v + 170. What is the greatest common divisor of 38 and w?
38
Let i = 113 - 41. Suppose 0 = -11*x + 15*x + i. Let s(b) = -2*b + 6. Let j be s(x). What is the greatest common factor of 126 and j?
42
Suppose 0 = 4*l + 2*b - 112, 5*b - 12 = 2*b. Suppose -w - 4*c + 157 = 0, 2*c = -4*w + 362 + 308. What is the greatest common factor of l and w?
13
Suppose 0 = -4*f + 2*s - 32 + 152, s = -5*f + 164. Suppose 0 = 5*b + 20, 2*z + 5*b = 6*z - f. Calculate the highest common divisor of 213 and z.
3
Suppose 34*j = 36*j + 5*p - 106, 0 = 4*j + 3*p - 226. What is the highest common factor of 4 and j?
2
Suppose -2*b + 25651 + 8387 = 2*g, -153139 = -9*b - g. What is the highest common divisor of b and 82?
41
Let q be (-14)/(294/(-399)) - 18. What is the highest common factor of q and 1733?
1
Let z(f) = -f + 10. Let p be z(5). Suppose 4*r = -4*q + 2*r + 50, -p*r + 25 = 0. Suppose 2*k - q = 14. Calculate the greatest common divisor of 30 and k.
6
Let u(l) = 10*l + 40. Let z be u(2). Let f = -77 + 101. Calculate the highest common factor of z and f.
12
Let f be (-1)/(-3) - 23/(-3). Suppose -504 = -2*r - 5*r. Calculate the highest common divisor of r and f.
8
Let d(m) = m + 37. Let j(k) = -k - 36. Let x(q) = -5*d(q) - 6*j(q). Let p be x(-18). Let l be (-2)/(4*(-5)/390). What is the greatest common divisor of p and l?
13
Let q be ((-2142)/(-90) - 19)*5. Calculate the greatest common divisor of 10 and q.
2
Suppose 3*y = -y - 64 + 160. Calculate the highest common factor of y and 2436.
12
Let v = 4971 - 1289. Calculate the greatest common divisor of v and 1315.
263
Let j = 11733 + -7209. Calculate the greatest common factor of j and 87.
87
Suppose -5*x + 5 + 5 = 0. Let u(l) = 11*l + 4. Let c be u(x). Let o = 47 + -21. What is the greatest common divisor of o and c?
26
Suppose 0 = 565*v - 576*v + 1463. What is the greatest common factor of 1064 and v?
133
Let r = 134 + -250. Let k = 16 - r. Suppose -9*i - 2*a + 22 = -7*i, -3*i + 32 = 4*a. Calculate the greatest common factor of i and k.
12
Let o be 6/6 - 3 - (-490 + (2 - 4)). Calculate the greatest common divisor of 392 and o.
98
Let d = -40118 + 40151. What is the highest common factor of 984 and d?
3
Suppose 0 = 4*x + 7*x - 18605 - 18300. What is the highest common factor of 15 and x?
5
Suppose -17*z - 2*z + 240 = -9*z. What is the highest common divisor of 606 and z?
6
Let h = 5866 + -5853. Calculate the highest common divisor of 1 and h.
1
Suppose 0 = j + t - 57 + 34, 6 = 2*t. Suppose b - 40 = -3*b. Calculate the greatest common factor of j and b.
10
Suppose 15*o - 2348 = 952. What is the greatest common factor of 380 and o?
20
Let k = 6 - -8. Let z be 7*(5 + (-425)/(-35)). Suppose -4*a - 5*n + z = 0, -5*n + 155 = 5*a - 0*n. What is the highest common factor of k and a?
7
Let p(b) = -3 - 3 - 7 + 2*b + 4. Let l be p(9). Let x(w) = 4*w**3 - w**2 - 2*w + 6. Let m be x(3). Calculate 